pose 0*v = -4*v. Suppose 3*w - 4*w + 5 = v. Suppose -2*a - 951 = -w*a. Is a composite?
False
Let h = -4 - -7. Suppose h*a - 4528 = -5*k, 4*a - 909 = -k - 0*a. Suppose 4*i = -i + k. Is i prime?
True
Let i be ((-1)/(-2))/(8/4320). Suppose 13*o = 8*o - i. Is -1*(o - (-1 + 0)) a prime number?
True
Let z(d) = -262*d - 7. Is z(-2) a prime number?
False
Let t(y) = 2*y**2 + 2*y + 5. Suppose 9 = -2*w - 3. Let b be -1*(1 - 0) - w. Is t(b) a composite number?
True
Suppose 0 = 5*u + 3*y + 146, -5*u - 5*y - 55 = 85. Let f = u + 146. Is f prime?
False
Suppose q = 2*l + 14, -4*l - 6 = -q - 6*l. Is (-1042 - 0)*q/40*-6 a composite number?
True
Let r(z) = -z**3 - 12*z**2 - 3*z - 29. Let n be r(-12). Suppose 2*g - n*g = -265. Is g composite?
False
Is (-2)/(11838/26757 + (-16)/36) prime?
True
Let r be -5 - -7 - (24/(-3))/(-4). Let i(n) = 87*n. Let g be i(2). Suppose r*z + g = 2*z. Is z a prime number?
False
Let p(m) = 154*m + 19. Let c be -18*((0 + 2)/6 + -1). Is p(c) a composite number?
False
Suppose w + 12 = 3*j, 2*j - 4*w = 4*j - 22. Suppose -j*o + 13 = 5*n + 3, 3*o = -n + 6. Suppose 2*m - m - 219 = n. Is m prime?
False
Suppose 0 = -14*q + 6*q + 18008. Is q a prime number?
True
Let o(r) = 91*r**2 + 11*r - 73. Is o(-19) a composite number?
False
Suppose g + 2*q = -0*q + 2129, -4*q = g - 2139. Is g a prime number?
False
Suppose 11370 = 2*w + 572. Is w a prime number?
True
Let a = 56078 + -33385. Is a prime?
False
Let a(o) be the second derivative of 191*o**3/6 + 10*o**2 + 33*o. Is a(7) a composite number?
True
Let x(m) = -42*m - 45. Is x(-7) composite?
True
Suppose -3*m - 241 = -l - m, -3*l - 4*m = -733. Suppose 2*t - l = -5. Is t composite?
True
Let y = -1337 + 4180. Is y prime?
True
Let b = 30 - 27. Let t = 11 - b. Is 633/6*t/4 a prime number?
True
Suppose 22*j = 23*j. Let h(k) = k**2 - k**3 + 6 + 0*k**3 + 0*k**3. Is h(j) a prime number?
False
Let y(z) = -z**2 + 8*z + 17. Let x be y(8). Suppose x*p = 18*p - 851. Is p a composite number?
True
Let z = -11631 - -29458. Is z a composite number?
False
Let b = 1157 - 486. Is b prime?
False
Is 807952/(-64)*(5 + -9) a composite number?
False
Let j = -25 - -21. Is j/6*(-9465)/10 composite?
False
Suppose -5*x + 56489 + 27157 = k, -k - 66915 = -4*x. Is x a composite number?
False
Suppose -3*t + 14623 = -16379. Is t composite?
True
Let v(x) = -x + 58 - 2*x - x**3 + 4*x. Is v(0) composite?
True
Suppose 0 = 5*b + 20, -a - 5*b + 3956 + 896 = 0. Suppose -2*y + a = 2*d, 3*y = -y - d + 9747. Is y prime?
True
Let z(f) = -f**2 - 5*f + 11. Let j be z(-6). Suppose -j*k + 1225 + 2422 = 2*h, -2*k = h - 1458. Is k a composite number?
True
Let g(h) = h**3 + 15*h**2 + 12*h - 23. Let z be g(-14). Suppose 3*x - 1555 = 2*q, -3*x - z*q = -7*x + 2064. Is x prime?
True
Is (-26669)/(-8 + 2 - -5) a composite number?
False
Let b(n) = n**2 - 5*n - 5. Let o be b(-10). Let j = o - 52. Let z = j - 47. Is z a composite number?
True
Let c(q) = -q + 17. Let n be c(15). Suppose 8*b + 2*o - 2027 = 3*b, 3*b + n*o - 1213 = 0. Is b prime?
False
Let q(w) = -3*w**3 + w**2 - w - 1. Suppose h = 7 - 2. Suppose h*v - 2 = -22. Is q(v) prime?
True
Let k = -2 + 6. Suppose 0*v + 12790 = 4*d - 2*v, 0 = -4*v + k. Suppose 4*g - 2*g - 3*h = 2131, 3*g - 3*h - d = 0. Is g a composite number?
True
Let t = 3 + 19. Suppose 2*w = -2*l - 3*w - t, -2*l + 2*w - 8 = 0. Is (l/18)/(1/(-573)) prime?
True
Let j(p) = -p + 2 + 3 + 0 + 0*p. Let c be j(4). Is (-3 + c)*(-106)/4 composite?
False
Suppose -10*l = 3851 - 3871. Let p(u) = -381*u. Let k be p(-1). Suppose -2*r + 4*b = r - k, -l*b + 661 = 5*r. Is r composite?
False
Let s(h) = -h**2 - 8*h + 36. Let q be s(-11). Suppose m + q*o - 608 = 0, 4*m - 10*o = -6*o + 2512. Is m a prime number?
False
Let y(l) = l - 25. Let f be y(20). Let g(h) = -3*h**3 - 6*h**2 + 3*h + 7. Is g(f) a composite number?
True
Suppose 10*z = -f + 7*z + 87296, 4*z + 20 = 0. Is f a composite number?
True
Is 305669/70 + 6/20 a composite number?
True
Let u = -7432 - -11607. Suppose -3*x + 4175 = 2*x + 4*n, -5*x = -n - u. Is x composite?
True
Let z(j) = j**2 - 6*j. Let c be z(7). Let a = 6217 + -4352. Suppose 12*n - a = c*n. Is n a prime number?
True
Suppose 17885 = 5*z - 1650. Is z composite?
False
Is ((-1269)/(-117) - 11) + 4455940/52 prime?
True
Let c(o) = -3*o + 11. Let d be c(3). Suppose d*j - 94 - 144 = 0. Is j a composite number?
True
Let w = 10807 + -4448. Is w prime?
True
Suppose -2053 = 2*o - 6063. Is o a composite number?
True
Let j(g) = 3*g**3 - 21*g**2 - 15*g + 25. Let z(b) = -7*b**3 + 43*b**2 + 29*b - 51. Let y(k) = 5*j(k) + 2*z(k). Is y(20) a prime number?
True
Let o(a) = -7967*a + 35. Is o(-2) prime?
False
Let x(h) = -h**2 - h + 29. Let s be x(0). Suppose -5*i + s = 4. Suppose i = 4*b - 9*b, 4*b = 4*p - 360. Is p a prime number?
True
Let k(y) = y**3 - y. Let q be k(1). Suppose 3*a = -d + 1945, a - 3*d + 156 - 791 = q. Is a a prime number?
True
Let x be 910/21 - (-2)/3 - -1. Suppose -2*p = -x - 1351. Is p prime?
False
Let v(o) = -o + 3. Let l be v(4). Is (-4 - (2 - -367))/l prime?
True
Let y(f) = 170*f**2 + f - 3. Let n be y(4). Suppose n = 5*a - 15*b + 11*b, -b = -2*a + 1086. Is a a composite number?
False
Let x = 369 - -1288. Is x a composite number?
False
Let o(d) = 67*d - 7. Let a be o(2). Suppose 5*p + 4*n = 2674 + a, 4*p - 3*n - 2216 = 0. Is p composite?
False
Let q(h) = 72*h + 13. Suppose -2*w + 4 = 0, -4*y - w + 11 - 1 = 0. Suppose 0 = -5*v - y*u + 29, -2*u - 4 - 2 = 0. Is q(v) a composite number?
True
Suppose -v - 2 + 7 = 0. Suppose 0 = v*i + 5*f - 1635, 4*i + 4*f = -i + 1639. Is i prime?
True
Is (-23)/(-46)*88892 + 3/1 a prime number?
True
Let d = 26262 - 10955. Is d prime?
True
Suppose -3*g - 9 = -6*g. Suppose -2*v = -10, -g*h + 4*v + 9 + 40 = 0. Let a = h + 662. Is a prime?
False
Suppose -14*i + 10*i = -87440. Is (-19)/57 + (-3)/((-18)/i) prime?
True
Suppose 3*n + 3*l = 45564, -14*n + 10*n + 60757 = 3*l. Is n prime?
True
Let v(n) = 11*n + 4. Let g be v(6). Suppose c = 561 + g. Is c a prime number?
True
Let y(c) = c**3 + 5*c**2 - 15*c - 61. Is y(28) a composite number?
False
Let n = 10734 + -4291. Is n prime?
False
Let v(q) = -4*q**2 + 11*q + 25. Let s(z) be the second derivative of z**4/6 - 5*z**3/6 - 6*z**2 - 3*z. Let i(o) = 5*s(o) + 2*v(o). Is i(-11) prime?
False
Let r = 4673 - -2448. Is r prime?
True
Let o = -603 + 920. Is o a composite number?
False
Let y(x) = 2589*x**3 - 2*x**2 - 17*x + 17. Is y(3) composite?
True
Let c be 396/(-20)*80/(-12). Let w = 441 + c. Suppose 3*o + 0*o - 343 = u, -5*o + u + w = 0. Is o a composite number?
True
Let o = 45 + -40. Suppose -793 = -5*u + q, -u = -o*u - 4*q + 644. Is u composite?
True
Let c(f) = -2*f - 294 + 4*f**2 + 289 - f. Is c(-20) a prime number?
False
Let b(f) = 3*f**2 + 12*f + 4. Let g(n) = n**2 - 11*n + 1. Let l be g(10). Is b(l) a composite number?
False
Suppose s = -3*s - 8. Is (-2 + s)*747/(-36) prime?
True
Let d(j) = -j. Let b(x) = x**2 + 3*x + 5. Let q(n) = -b(n) + 3*d(n). Let a be q(-4). Suppose -i - a*i = -204. Is i prime?
False
Suppose 0 = -4*d + 14 - 6, j + 3*d - 2916 = 0. Let r = j - 1843. Is r prime?
False
Let h(d) = 1195*d**2 - 6*d + 4. Is h(1) composite?
False
Let s be 3 - 4475/(-7) - 8/28. Suppose -3*g - s = -2781. Is g a composite number?
True
Suppose l - 6*l - 813 = 2*q, 0 = -2*l - 4*q - 322. Let u = -74 - l. Is u a prime number?
True
Let a = 53828 + -10401. Is a prime?
True
Let l(m) = -1403*m + 13. Let p(s) = s**2 + 6*s - 18. Let w be p(-8). Is l(w) a composite number?
False
Suppose -50*d - 6 = -49*d. Is 11158/21*d/(-4) prime?
True
Let q = -240 + 369. Suppose 4*u + q = 517. Is u a composite number?
False
Suppose 0*v - 6*v + 126 = 0. Let k(c) = c - 6. Is k(v) a composite number?
True
Is 579 + 1/(-10) + (-738)/(-180) prime?
False
Let o(v) = 1372*v**3 - 2*v**2 + 3*v - 2. Let z be o(1). Suppose -7*t + z = -1758. Is t a prime number?
False
Let i be 38/(-133) + 514/(-14). Let v = i - -41. Suppose j + 298 + 5379 = 5*k, -v*j = 4*k - 4532. Is k prime?
False
Let u = -3642 - -5131. Suppose -5*f + u + 3666 = 0. Is f a composite number?
False
Is (-219054)/(-18) + (-12)/(-9) a prime number?
False
Suppose -l + 879 = -4*b + 12708, b + l - 2956 = 0. Is b prime?
True
Let r = -130 - -2107. Is r a prime number?
False
Suppose 3*m + 52698 = 3*b, -2*b + 35129 = 4*m - 7*m. Is b composite?
False
S